is the units digit of o?
9
What is the units digit of ((-391)/(-17))/(-3*3/(-27))?
9
Suppose -9 = -3*j, -k - 5*j + 203 = -389. What is the units digit of k?
7
Suppose 0 = -4*s + 4*q, -s = 3*s + 3*q - 7. Let w be (9/(-27))/(s/21). What is the units digit of 12/28 + (-18)/w?
3
Let j(p) = p**2 - 5*p - 14. Suppose 0 = 3*q + 5*b - 31, 0 = q - 3*q - 3*b + 21. What is the units digit of j(q)?
0
Suppose 2*y - 2012 + 540 = 0. What is the hundreds digit of y?
7
Let u(q) = -q**3 - 4*q**2 - 3*q + 1. Let h be u(-2). What is the tens digit of h*(-21 - 5/(-5))?
2
Let x = 639 - 343. What is the hundreds digit of x?
2
Suppose y - 840 = -196. What is the hundreds digit of y?
6
Suppose 3*d = 4*o - 4, o + 12 = -d + 5*d. Let k(s) = -2*s + 1. Let l be k(o). What is the units digit of (l - -6)/(2/(-8))?
4
Let a(j) = -j**3 - 2*j**2 - 2*j - 1. Let d be a(-2). Suppose -5*f + 14 = 14. Suppose f = d*i - i - 12. What is the units digit of i?
6
Suppose 0 = -2*u + 3*u - 5. Let b = 38 - 35. Suppose -b*r + 1 = -u*y - 2, -3*r = 2*y - 24. What is the units digit of r?
6
Let i = -57 + 35. Let z = i + 26. What is the tens digit of (z/5)/(16/920)?
4
Suppose -352 + 107 = -5*q. Let x be 1 + 1 + (q - 1). Suppose 5*b - b + 2*a = 110, 5*a = -b + x. What is the tens digit of b?
2
Let o(i) = -3*i**2 + i + 162. Let h be o(0). Suppose -10*r - h + 1882 = 0. What is the hundreds digit of r?
1
Let q = -65 - -67. Suppose 4*r = 4*h - 212, 3*h + q*r + r - 171 = 0. What is the units digit of h?
5
Suppose 2 = q + 6. Let n(r) = r**3 + 12*r**2 + 18*r - 4. Let d be n(-10). What is the tens digit of (27/q)/((-6)/d)?
1
Let r = -4 + 8. Suppose -3*d - v = -0*v - 206, v - 273 = -r*d. What is the tens digit of d?
6
Let s = 30 + -31. Let k(c) = -24*c. What is the units digit of k(s)?
4
Suppose -40*p = -29*p - 3729. What is the tens digit of p?
3
Let d(x) = 65*x**2 - 7*x + 80. What is the hundreds digit of d(8)?
1
Let x be 9 - (0/1)/1 - 3. Suppose 0 = 3*f + 2*f + 5. What is the tens digit of (f - x/9)*-21?
3
Let r(m) = -m**3 + 12*m**2 + 7*m - 6. Let d be r(11). Suppose 5*o = d + 633. Let q = o - 98. What is the tens digit of q?
6
Suppose 19*r = 20*r - 119. What is the tens digit of r?
1
Let t = -15 - -15. Let i(q) = q**3 - 37. Let b be i(t). Let k = b + 72. What is the tens digit of k?
3
Suppose -5*t = -3*z + 59919, 2*t - 2*z + 12624 = -11346. What is the units digit of 8/(-60) - t/90?
3
Suppose t + 3*t = o - 5, 2*o = -6. What is the units digit of (t - 35/(-20))*-268?
7
Let p(g) = -g + 12. Let r be p(6). What is the units digit of 9/r + 5/10?
2
Suppose -g = 4*g + 50. What is the tens digit of (-284)/g + 60/100?
2
Suppose 9889 = -0*w + 11*w. What is the units digit of w?
9
Let g be 3 + -17 + -2 + 2. Let f(v) = -v - 7. Let s be f(g). Suppose s = c - 3. What is the units digit of c?
0
Suppose -f = f - 16. Let p be -1*3 + (-3)/(-3). What is the units digit of (-1)/p*f/2?
2
Let s(c) = c**3 + 45*c**2 + 287*c - 39. What is the units digit of s(-37)?
4
Suppose 3*r + 80 = 5*p - 2*r, -5*r = 20. Let b = 20 - p. Suppose -b*h = -4*h - 164. What is the units digit of h?
1
Suppose -g - 3338 = -n, -4*n + 3567 = 3*g - 9806. What is the thousands digit of n?
3
Let v(f) = f - 4. Let b be v(6). Suppose t - 13 = -c, -b*c + 22 = -0*c - 2*t. What is the units digit of ((-123)/c)/((-1)/4)?
1
Suppose 2*w - 7*w + 221 = s, -3*s = 4*w - 179. What is the units digit of 3088/w + 2/(-11)?
0
Let j(p) = 6*p**3 + p + 1. Let s be j(-1). Let q(v) be the first derivative of v**4/4 + 2*v**3 - 4*v**2 - 12*v + 8. What is the units digit of q(s)?
6
Suppose 0 = 2*w + w - 15. Suppose u + 252 = w*u. What is the units digit of u?
3
Let o = 19 - -46. Suppose 3*r - o = -2*r. Let y = 54 - r. What is the tens digit of y?
4
Suppose -19 = -10*f + 11. Suppose -4*j + 640 = 4*h, -5*h + f*j + 160 = -4*h. What is the units digit of h?
0
Let j = 757 - 537. What is the tens digit of j?
2
Suppose -2*k - 10 = -4*x, -7*k + 3*k = -12. What is the tens digit of 88 + 0 + (2 - 20/x)?
8
Let m = 71 - 78. What is the hundreds digit of (9/6)/(m/(-742))?
1
Let a = 5 + -2. Suppose -4*v = -a*v - 2. Suppose -2*g = v*g - 88. What is the tens digit of g?
2
Let q(o) = -o**3 + 17*o**2 + 23*o - 23. Let u be (-12)/(-16)*(20 - -4). What is the tens digit of q(u)?
6
Suppose -5*h = -5*z - 1500, 4*h - 3*h - 2*z = 300. What is the hundreds digit of h?
3
Let c(v) = -51*v - 496. What is the thousands digit of c(-43)?
1
Let m = -6 - -206. What is the hundreds digit of m?
2
Let a = 169 - 50. What is the tens digit of a?
1
Suppose -s + 4510 = 4*p - 2241, 3*p - 2*s - 5066 = 0. What is the hundreds digit of p?
6
Let n = 1 + 341. Suppose c = 2*q - 0*q - n, 8 = -4*c. What is the hundreds digit of q?
1
Suppose -718 = -i - 2*i - 4*o, -3*i + 733 = o. What is the units digit of i?
6
Suppose -1166 = 65*y - 67*y. What is the units digit of y?
3
What is the tens digit of ((0 - 0) + -20)/((-3)/48)?
2
Suppose -15 = -2*h - 3*s, -2*s - 29 = -3*h - 0*s. Let v be (-2)/h + (-238)/(-18). Let b = v + -7. What is the units digit of b?
6
Let k = -3933 - -5775. What is the hundreds digit of k?
8
Suppose -9 = -n + 2. Suppose 0 = -4*g + n - 3. Suppose -g*s - 5*t + 142 = 0, -3*s = 2*t - 4*t - 213. What is the units digit of s?
1
Let v(u) be the third derivative of -1/8*u**4 + 0 + 0*u - 11/6*u**3 + 1/60*u**5 + 4*u**2. What is the units digit of v(6)?
7
Suppose -19*l - 25121 + 128177 = 0. What is the tens digit of l?
2
Let c = -27 - -601. What is the tens digit of c?
7
Let f = -31 + 36. Suppose 0 = -2*n - 2*q + 168, 0 = -0*n + 4*n - f*q - 345. What is the units digit of n?
5
Let r be 28/(-14) + (-7)/(14/300). Let b = r - -280. What is the tens digit of b?
2
Let g(q) = 13*q**2 + 3*q - 44. What is the hundreds digit of g(6)?
4
Let t(s) = -s**3 - 4*s**2 + 3*s - 4. Let g be t(-4). Let v = -22 + g. Let l = v - -62. What is the tens digit of l?
2
Let g(p) = -p**2 + 10*p - 20. Let z be g(8). Let h(y) = y**3 + 9*y**2 - 5*y - 5. What is the units digit of h(z)?
5
Let f(b) = b**3 - 8*b**2 + 7*b + 8. Let d be f(7). Suppose -11*s = -d*s - 57. What is the units digit of s?
9
Let h(k) = 146*k + 35. What is the thousands digit of h(9)?
1
Suppose -4*t + 2*s + 2*s = -472, -s = -5*t + 582. Suppose -3*g + t = 4*a - 5*a, 2*g = 4*a + 84. Let y = -7 + g. What is the units digit of y?
1
Let o(f) = -f**2 + 9*f + 14. Let s be o(9). Let x = s - 16. What is the units digit of (x - 13)*(-12)/20?
9
Let s be (-3)/7 + (-1108)/28. Let y be ((-36)/5)/((-12)/s). What is the tens digit of (35/20)/((-2)/y)?
2
Suppose -5*y + 4*n = 0, n - 20 = -3*n. Let c = -4 - -9. Suppose -y = 3*b - c*b. What is the units digit of b?
2
Suppose -5*q = -16 + 1. Suppose -2*s + 20 = 2*s, -5*s + 76 = q*x. What is the tens digit of x?
1
Let x(q) = -q**2 - 34*q + 41. What is the tens digit of x(-29)?
8
Suppose -t = -w + 3, -t - 2*t + 5*w - 3 = 0. Let k be t - -6 - -3*1. Suppose 0*r - 5*v - 80 = -4*r, r - k*v - 27 = 0. What is the units digit of r?
5
Suppose -2*d = -u - 3, 2*u + 6 = u + 3*d. Let f be 12*1*(-6)/(-18). What is the units digit of f/u*264/16?
2
Let q be (-676)/14 + 18/63. Let u = 29 - q. What is the tens digit of u?
7
Suppose -6 = 2*p + 14. What is the tens digit of (6/15)/((-2)/(125*p))?
5
Let c be (1 - 3) + 1 + 6. Let j(p) = -2*p**3 + 24*p**2 + 18*p - 31. Let v be j(12). Suppose 0*z - v = -c*z. What is the units digit of z?
7
Suppose -7*r = 18 + 10. What is the units digit of 138*(28/6 + r)?
2
Suppose -8*d - 2*d = -840. What is the units digit of d?
4
Let s(q) be the third derivative of q**5/60 + q**4/12 + q**3/3 - 4*q**2. Let z be s(-3). Let w = z + 9. What is the units digit of w?
4
Let d(p) be the second derivative of 10*p**3/3 - 3*p**2/2 + 5*p. Let l be d(4). Suppose 0 = -5*z + 18 + l. What is the tens digit of z?
1
Let m = 2896 - 1622. What is the tens digit of m?
7
Let b(d) = d - 6. Let o be b(8). Suppose -2*u + 0*g - 3*g = -208, 0 = 2*u + o*g - 204. What is the tens digit of u?
9
Let h = 1449 - 729. What is the units digit of h?
0
Let q be 1888/20 + 2/(-5). Let v = q + -67. What is the units digit of v?
7
Suppose 5*f + 51 = -3*k, 0 = 3*f - k + 14 + 11. Let z = f + 62. What is the units digit of z?
3
Suppose -11*h = -12*h - 2*l + 243, -3*h + 744 = 3*l. What is the tens digit of h?
5
Suppose -32*j + 75600 = 24*j. What is the thousands digit of j?
1
Let b = 